{"id":273,"date":"2024-05-16T11:14:54","date_gmt":"2024-05-16T11:14:54","guid":{"rendered":"https:\/\/www.padelbook.it\/market\/?page_id=273"},"modified":"2024-05-16T11:19:30","modified_gmt":"2024-05-16T11:19:30","slug":"termini-e-condizioni","status":"publish","type":"page","link":"https:\/\/www.padelbook.it\/market\/termini-e-condizioni\/","title":{"rendered":"Termini e condizioni"},"content":{"rendered":"<style>#sp-ea-275 .spcollapsing { height: 0; overflow: hidden; transition-property: height;transition-duration: 300ms;}#sp-ea-275.sp-easy-accordion>.sp-ea-single {margin-bottom: 10px; border: 1px solid #e2e2e2; }#sp-ea-275.sp-easy-accordion>.sp-ea-single>.ea-header a {color: #444;}#sp-ea-275.sp-easy-accordion>.sp-ea-single>.sp-collapse>.ea-body {background: #fff; color: #444;}#sp-ea-275.sp-easy-accordion>.sp-ea-single {background: #eee;}#sp-ea-275.sp-easy-accordion>.sp-ea-single>.ea-header a .ea-expand-icon { float: left; color: #444;font-size: 16px;}<\/style><div id=\"sp_easy_accordion-1715858118\"><div id=\"sp-ea-275\" class=\"sp-ea-one sp-easy-accordion\" data-ex-icon=\"minus\" data-col-icon=\"plus\"  data-ea-active=\"ea-click\"  data-ea-mode=\"vertical\" data-preloader=\"\" data-scroll-active-item=\"\" data-offset-to-scroll=\"0\"><div class=\"ea-card ea-expand sp-ea-single\"><h3 class=\"ea-header\"><a class=\"collapsed\" id=\"ea-header-2750\" data-sptoggle=\"spcollapse\" data-sptarget=\"#collapse2750\" aria-controls=\"collapse2750\" href=\"javascript:void(0)\"  aria-expanded=\"true\" tabindex=\"0\"><i class=\"ea-expand-icon ea-icon-expand-minus\"><\/i> Oggetto del Servizio <\/a><\/h3><div class=\"sp-collapse spcollapse collapsed show\" id=\"collapse2750\" data-parent=\"#sp-ea-275\" role=\"region\" aria-labelledby=\"ea-header-2750\"><div class=\"ea-body\"><p>PADELBOOK.IT fornisce agli utenti un servizio web based (di seguito denominato \"Servizio Base\" e\/o \"Servizio\") che consente la pubblicazione e la consultazione di annunci e inserzioni di soggetti privati o professionali interessati a vendere o acquistare beni, nonch\u00e9 a offrire o ricevere servizi. Questo Servizio permette agli utenti inserzionisti e agli utenti interessati di entrare in contatto tra di loro.<\/p>\n<\/div><\/div><\/div><div class=\"ea-card  sp-ea-single\"><h3 class=\"ea-header\"><a class=\"collapsed\" id=\"ea-header-2751\" data-sptoggle=\"spcollapse\" data-sptarget=\"#collapse2751\" aria-controls=\"collapse2751\" href=\"javascript:void(0)\"  aria-expanded=\"false\" tabindex=\"0\"><i class=\"ea-expand-icon ea-icon-expand-plus\"><\/i> Titolare del Servizio <\/a><\/h3><div class=\"sp-collapse spcollapse \" id=\"collapse2751\" data-parent=\"#sp-ea-275\" role=\"region\" aria-labelledby=\"ea-header-2751\"><div class=\"ea-body\"><p>PADELBOOK.IT \u00e8 l'unico titolare della piattaforma web attraverso cui viene gestito il Servizio, nonch\u00e9 dei relativi diritti connessi all'utilizzo della piattaforma stessa.<\/p>\n<\/div><\/div><\/div><div class=\"ea-card  sp-ea-single\"><h3 class=\"ea-header\"><a class=\"collapsed\" id=\"ea-header-2752\" data-sptoggle=\"spcollapse\" data-sptarget=\"#collapse2752\" aria-controls=\"collapse2752\" href=\"javascript:void(0)\"  aria-expanded=\"false\" tabindex=\"0\"><i class=\"ea-expand-icon ea-icon-expand-plus\"><\/i> Applicabilit\u00e0 delle Condizioni <\/a><\/h3><div class=\"sp-collapse spcollapse \" id=\"collapse2752\" data-parent=\"#sp-ea-275\" role=\"region\" aria-labelledby=\"ea-header-2752\"><div class=\"ea-body\"><p>Le presenti Condizioni Generali del Servizio si applicano sia agli utenti che consultano gli annunci pubblicati sia agli utenti inserzionisti privati o professionali (di seguito definiti collettivamente \"utenti\").<\/p>\n<\/div><\/div><\/div><div class=\"ea-card  sp-ea-single\"><h3 class=\"ea-header\"><a class=\"collapsed\" id=\"ea-header-2753\" data-sptoggle=\"spcollapse\" data-sptarget=\"#collapse2753\" aria-controls=\"collapse2753\" href=\"javascript:void(0)\"  aria-expanded=\"false\" tabindex=\"0\"><i class=\"ea-expand-icon ea-icon-expand-plus\"><\/i> Termini di Utilizzo del Servizio <\/a><\/h3><div class=\"sp-collapse spcollapse \" id=\"collapse2753\" data-parent=\"#sp-ea-275\" role=\"region\" aria-labelledby=\"ea-header-2753\"><div class=\"ea-body\"><p>L'accesso al Servizio \u00e8 consentito solo agli utenti maggiorenni secondo la legge italiana (et\u00e0 superiore ai 18 anni). Gli utenti di sedici anni possono accedere al Servizio solo con l'autorizzazione e la supervisione dei genitori o di chi ne esercita la tutela. L'utilizzo del Servizio Base consente la consultazione degli annunci e la pubblicazione di inserzioni. Alcune funzionalit\u00e0 e categorie merceologiche specifiche potrebbero richiedere un pagamento. Le transazioni tra gli utenti avvengono esclusivamente tra loro, e PADELBOOK.IT non \u00e8 parte di tali transazioni. Gli utenti sono tenuti a non utilizzare i contatti presenti sulla piattaforma PADELBOOK.IT per inviare pubblicit\u00e0 non autorizzata o altre forme di sollecitazione non richiesta.<\/p>\n<p>Gli utenti mantengono i diritti di propriet\u00e0 sulle Riproduzioni (video, foto, etc.) pubblicate sul sito, concedendo a PADELBOOK.IT una licenza per utilizzarle. Gli utenti sono responsabili dell'uso legale delle Riproduzioni e manlevano PADELBOOK.IT da eventuali pretese di terzi.<\/p>\n<p>Al momento della registrazione, gli utenti devono fornire dati anagrafici reali. L'uso di indirizzi email temporanei non \u00e8 consentito.<\/p>\n<\/div><\/div><\/div><div class=\"ea-card  sp-ea-single\"><h3 class=\"ea-header\"><a class=\"collapsed\" id=\"ea-header-2754\" data-sptoggle=\"spcollapse\" data-sptarget=\"#collapse2754\" aria-controls=\"collapse2754\" href=\"javascript:void(0)\"  aria-expanded=\"false\" tabindex=\"0\"><i class=\"ea-expand-icon ea-icon-expand-plus\"><\/i> Responsabilit\u00e0 dell'Utente <\/a><\/h3><div class=\"sp-collapse spcollapse \" id=\"collapse2754\" data-parent=\"#sp-ea-275\" role=\"region\" aria-labelledby=\"ea-header-2754\"><div class=\"ea-body\"><p>Gli utenti sono responsabili dell'uso del Servizio, della correttezza delle inserzioni e del proprio comportamento. Devono garantire la disponibilit\u00e0 e\/o la titolarit\u00e0 dei beni\/servizi offerti e che le inserzioni non violino i diritti di terzi.<\/p>\n<\/div><\/div><\/div><div class=\"ea-card  sp-ea-single\"><h3 class=\"ea-header\"><a class=\"collapsed\" id=\"ea-header-2755\" data-sptoggle=\"spcollapse\" data-sptarget=\"#collapse2755\" aria-controls=\"collapse2755\" href=\"javascript:void(0)\"  aria-expanded=\"false\" tabindex=\"0\"><i class=\"ea-expand-icon ea-icon-expand-plus\"><\/i> Limitazioni di Responsabilit\u00e0 <\/a><\/h3><div class=\"sp-collapse spcollapse \" id=\"collapse2755\" data-parent=\"#sp-ea-275\" role=\"region\" aria-labelledby=\"ea-header-2755\"><div class=\"ea-body\"><p>PADELBOOK.IT non garantisce il contenuto, la completezza o la correttezza delle inserzioni. Si riserva il diritto di valutare, approvare o eliminare le inserzioni e di limitare l'accesso al Servizio per motivi legittimi. Non \u00e8 responsabile delle trattative tra gli utenti. L\u2019utente riconosce, quindi, che Padelbook.it non \u00e8 responsabile, a titolo meramente esemplificativo, della veridicit\u00e0, correttezza, completezza, del rispetto dei diritti di propriet\u00e0 intellettuale e\/o industriale, n\u00e9 risponde della loro eventuale contrariet\u00e0 all\u2019ordine pubblico, al buon costume e\/o alla morale.<\/p>\n<\/div><\/div><\/div><div class=\"ea-card  sp-ea-single\"><h3 class=\"ea-header\"><a class=\"collapsed\" id=\"ea-header-2756\" data-sptoggle=\"spcollapse\" data-sptarget=\"#collapse2756\" aria-controls=\"collapse2756\" href=\"javascript:void(0)\"  aria-expanded=\"false\" tabindex=\"0\"><i class=\"ea-expand-icon ea-icon-expand-plus\"><\/i> Limitazioni nell'Erogazione del Servizio <\/a><\/h3><div class=\"sp-collapse spcollapse \" id=\"collapse2756\" data-parent=\"#sp-ea-275\" role=\"region\" aria-labelledby=\"ea-header-2756\"><div class=\"ea-body\"><p>PADELBOOK.IT si riserva il diritto di modificare o interrompere il Servizio senza preavviso. Utilizza un sistema antispam e non \u00e8 responsabile dei danni derivanti da malfunzionamenti tecnici.<\/p>\n<\/div><\/div><\/div><div class=\"ea-card  sp-ea-single\"><h3 class=\"ea-header\"><a class=\"collapsed\" id=\"ea-header-2757\" data-sptoggle=\"spcollapse\" data-sptarget=\"#collapse2757\" aria-controls=\"collapse2757\" href=\"javascript:void(0)\"  aria-expanded=\"false\" tabindex=\"0\"><i class=\"ea-expand-icon ea-icon-expand-plus\"><\/i> Pubblicazione Seriale di Annunci e\/o per Conto Terzi <\/a><\/h3><div class=\"sp-collapse spcollapse \" id=\"collapse2757\" data-parent=\"#sp-ea-275\" role=\"region\" aria-labelledby=\"ea-header-2757\"><div class=\"ea-body\"><p>\u00c8 vietato l'uso di sistemi automatici per caricare annunci e la pubblicazione seriale o per conto terzi senza autorizzazione.<\/p>\n<\/div><\/div><\/div><div class=\"ea-card  sp-ea-single\"><h3 class=\"ea-header\"><a class=\"collapsed\" id=\"ea-header-2758\" data-sptoggle=\"spcollapse\" data-sptarget=\"#collapse2758\" aria-controls=\"collapse2758\" href=\"javascript:void(0)\"  aria-expanded=\"false\" tabindex=\"0\"><i class=\"ea-expand-icon ea-icon-expand-plus\"><\/i> Limitazioni al Contenuto delle Pubblicazioni <\/a><\/h3><div class=\"sp-collapse spcollapse \" id=\"collapse2758\" data-parent=\"#sp-ea-275\" role=\"region\" aria-labelledby=\"ea-header-2758\"><div class=\"ea-body\"><p>Gli utenti devono rispettare la legge e le disposizioni di pubblicazione. Alcune categorie di annunci potrebbero richiedere una procedura di identificazione.<\/p>\n<\/div><\/div><\/div><div class=\"ea-card  sp-ea-single\"><h3 class=\"ea-header\"><a class=\"collapsed\" id=\"ea-header-2759\" data-sptoggle=\"spcollapse\" data-sptarget=\"#collapse2759\" aria-controls=\"collapse2759\" href=\"javascript:void(0)\"  aria-expanded=\"false\" tabindex=\"0\"><i class=\"ea-expand-icon ea-icon-expand-plus\"><\/i> Pubblicazioni Ulteriori <\/a><\/h3><div class=\"sp-collapse spcollapse \" id=\"collapse2759\" data-parent=\"#sp-ea-275\" role=\"region\" aria-labelledby=\"ea-header-2759\"><div class=\"ea-body\"><p>PADELBOOK.IT pu\u00f2 pubblicare annunci su altri siti internet o media senza richiedere l'autorizzazione dell'utente.<\/p>\n<\/div><\/div><\/div><div class=\"ea-card  sp-ea-single\"><h3 class=\"ea-header\"><a class=\"collapsed\" id=\"ea-header-27510\" data-sptoggle=\"spcollapse\" data-sptarget=\"#collapse27510\" aria-controls=\"collapse27510\" href=\"javascript:void(0)\"  aria-expanded=\"false\" tabindex=\"0\"><i class=\"ea-expand-icon ea-icon-expand-plus\"><\/i> Giurisdizione e Legge Applicabile <\/a><\/h3><div class=\"sp-collapse spcollapse \" id=\"collapse27510\" data-parent=\"#sp-ea-275\" role=\"region\" aria-labelledby=\"ea-header-27510\"><div class=\"ea-body\"><p>I rapporti tra PADELBOOK.IT e gli utenti sono regolati dalla legge italiana, in base alla quale anche le presenti Condizioni Generali dovranno essere interpretate<\/p>\n<\/div><\/div><\/div><div class=\"ea-card  sp-ea-single\"><h3 class=\"ea-header\"><a class=\"collapsed\" id=\"ea-header-27511\" data-sptoggle=\"spcollapse\" data-sptarget=\"#collapse27511\" aria-controls=\"collapse27511\" href=\"javascript:void(0)\"  aria-expanded=\"false\" tabindex=\"0\"><i class=\"ea-expand-icon ea-icon-expand-plus\"><\/i> Validit\u00e0 delle Condizioni Generali <\/a><\/h3><div class=\"sp-collapse spcollapse \" id=\"collapse27511\" data-parent=\"#sp-ea-275\" role=\"region\" aria-labelledby=\"ea-header-27511\"><div class=\"ea-body\"><p>Le presenti condizioni si applicano anche a ulteriori accordi relativi a servizi a pagamento. PADELBOOK.IT pu\u00f2 modificare unilateralmente le Condizioni Generali.<\/p>\n<\/div><\/div><\/div><div class=\"ea-card  sp-ea-single\"><h3 class=\"ea-header\"><a class=\"collapsed\" id=\"ea-header-27512\" data-sptoggle=\"spcollapse\" data-sptarget=\"#collapse27512\" aria-controls=\"collapse27512\" href=\"javascript:void(0)\"  aria-expanded=\"false\" tabindex=\"0\"><i class=\"ea-expand-icon ea-icon-expand-plus\"><\/i> Modifiche <\/a><\/h3><div class=\"sp-collapse spcollapse \" id=\"collapse27512\" data-parent=\"#sp-ea-275\" role=\"region\" aria-labelledby=\"ea-header-27512\"><div class=\"ea-body\"><p>Le modifiche alle condizioni saranno comunicate agli utenti in modo evidente.<\/p>\n<\/div><\/div><\/div><\/div><\/div>\n","protected":false},"excerpt":{"rendered":"","protected":false},"author":1,"featured_media":0,"parent":0,"menu_order":0,"comment_status":"closed","ping_status":"closed","template":"","meta":{"footnotes":""},"class_list":["post-273","page","type-page","status-publish","hentry"],"_links":{"self":[{"href":"https:\/\/www.padelbook.it\/market\/wp-json\/wp\/v2\/pages\/273","targetHints":{"allow":["GET"]}}],"collection":[{"href":"https:\/\/www.padelbook.it\/market\/wp-json\/wp\/v2\/pages"}],"about":[{"href":"https:\/\/www.padelbook.it\/market\/wp-json\/wp\/v2\/types\/page"}],"author":[{"embeddable":true,"href":"https:\/\/www.padelbook.it\/market\/wp-json\/wp\/v2\/users\/1"}],"replies":[{"embeddable":true,"href":"https:\/\/www.padelbook.it\/market\/wp-json\/wp\/v2\/comments?post=273"}],"version-history":[{"count":4,"href":"https:\/\/www.padelbook.it\/market\/wp-json\/wp\/v2\/pages\/273\/revisions"}],"predecessor-version":[{"id":278,"href":"https:\/\/www.padelbook.it\/market\/wp-json\/wp\/v2\/pages\/273\/revisions\/278"}],"wp:attachment":[{"href":"https:\/\/www.padelbook.it\/market\/wp-json\/wp\/v2\/media?parent=273"}],"curies":[{"name":"wp","href":"https:\/\/api.w.org\/{rel}","templated":true}]}}